).
7
Let x(r) = 6*r. Suppose 0 = -5*z + 2*d - 5, -3*z - 8 = -2*d - 5. Let u be z*(-14)/49*-7. What is x(u)?
-12
Let u(s) be the third derivative of -s**4/4 - s**3/6 + 902*s**2. What is u(4)?
-25
Let x(o) = o**3 + 9*o**2 + 7*o - 8. Let m be x(-8). Let i(f) = f + 47. Let d be i(-19). Let n(c) = 12 - 2*c - d + c. Determine n(m).
-16
Let r be (-1540)/(-175) + ((-6)/(-10))/3. Let y(x) = -12*x + 3*x**2 + r*x + 2 + 4*x - 3. Give y(1).
3
Let p(q) = 49*q - 2. Let f(w) = -106*w + 4. Let s(a) = 6*f(a) + 13*p(a). Let l be -1*(-3 - -2)*-9. What is s(l)?
-11
Suppose 480 - 470 = 12*y - 242. Let a(z) be the first derivative of 3/2*z**2 + 2*z + y. Determine a(-5).
-13
Let x = 1000 + -1006. Let h(b) = -b**2 + 32. Give h(x).
-4
Let y(n) = -2*n**3 - 56*n**2 - 56*n - 56. Let q be y(-27). Let o(d) be the first derivative of -9*d**2/2 - 2*d + 8. Determine o(q).
16
Let k = -2038 - -2044. Let h(g) = -g**3 + 6*g**2 - g + 16. Give h(k).
10
Let z(p) = -8*p - 2*p**2 + p**2 + 1322 + 1337 - 2659. Determine z(-2).
12
Let k(z) = z**2 + 7*z - 6. Suppose 9*b + 162 = 18*b. Let p(i) = b + 19*i - 9*i + 21 - 7*i. Let u be p(-15). Calculate k(u).
-12
Let j(f) be the first derivative of f**3/3 - 3. Let w = -184 + 194. Let a be (-54)/(-45)*w/(-4). Give j(a).
9
Let o(i) = -i + 2. Let u be o(3). Let b(m) = 19*m - 19*m + m**2 + 5398*m**3 - 5408*m**3. Calculate b(u).
11
Let v(l) = 19*l**3 - 25*l**2 - 4*l - 91. Let u(d) = 24*d**3 - 31*d**2 - 5*d - 114. Let c(n) = 11*u(n) - 14*v(n). Determine c(5).
0
Let r(f) = f - 8. Let g(j) = 68*j**2 + 62*j - 1. Let h be g(-1). Calculate r(h).
-3
Let j be (-2)/4 - 1/(-2). Let l(w) = -6*w**3 + 9*w**2 - 6*w - 9. Let g(i) = i**3 - 2*i**2 + i. Suppose -5*q = q + 30. Let u(d) = q*g(d) - l(d). What is u(j)?
9
Let c be (-27 + (9 - -6))*(-1)/(-2). Let s(x) = 0*x + 7*x + x**2 - 4 - 2*x - 1. Determine s(c).
1
Let w = -30 - -18. Let t(b) = 4*b + 15. Let i(a) = a + 4. Let c(h) = 9*i(h) - 2*t(h). Give c(w).
-6
Let g(w) = -17*w**3 - 5*w**2 + 40*w - 66. Let m(k) = 3*k**3 + k**2 - 8*k + 13. Let i(z) = -2*g(z) - 11*m(z). Determine i(2).
9
Let x(y) = 5*y**3 - 16*y**2 + 8*y - 1. Let k(i) = -2*i**3 + 5*i**2 - i + 1. Let n(r) = -2*k(r) - x(r). Determine n(5).
-6
Suppose -525 = -5*w - g + 5*g, 2*w - 2*g = 210. Let a = w + -104. Let h(p) = p**2 - a - p + 5*p - 2*p - 3*p. What is h(2)?
1
Suppose 0 = 2*l - 12 + 4. Suppose 4*f - d - 4 = 3*d, 5*f - d = 13. Let a(j) = f + 5*j + 6*j + 11*j**2 - 12*j**2 - 6*j. What is a(l)?
7
Let o(d) = -1027*d - 329 + 652 - d**3 + 1022*d - 328 - 6*d**2. Let l be 46/(-10) + (-4)/10. Calculate o(l).
-5
Let p(k) be the second derivative of k**5/30 + k**4/24 + 68*k**3/3 - 9*k - 9. Let h(s) be the second derivative of p(s). Calculate h(-6).
-23
Let q(l) be the third derivative of l**4/24 + l**3/2 - 419*l**2. Let a(c) = 0*c**2 - 6*c**2 + c**2 + c - 1 - c**3 + c**2. Let s be a(-4). Determine q(s).
-2
Suppose 0 = -3*o + 194 - 167. Let t be (-6)/o + (-20)/(-12). Let y(r) = -15*r**3 - 2*r**2 + 1. Give y(t).
-16
Suppose -k = -1 - 2. Suppose 1 = 2*s + k. Let r(q) be the first derivative of 7*q**3/3 - q + 941. Calculate r(s).
6
Let k(v) = -43*v - 605. Let m be k(-14). Let u(z) = -z**2 + 6*z + 33. Determine u(m).
6
Suppose -i = -2*o + 350, 1030 = -31*i + 28*i + o. Let g = -340 - i. Let l(s) be the third derivative of -s**4/3 + 3*s**2. Calculate l(g).
-16
Let w(o) = -o**3 + 51*o**2 + 2*o - 98. Let l(r) = -r**3 + 25*r**2 - 135*r - 30. Let z be l(9). Determine w(z).
4
Suppose 5*z - 73 = -2*m, 6*z = 34 - 28. Let g(w) = -15*w + 491. Determine g(m).
-19
Let u(r) be the first derivative of r**4/4 - r**3/3 - 5*r**2 - 7*r - 1290. Calculate u(4).
1
Let a(k) be the third derivative of -1/60*k**5 - 5 + 1/3*k**3 - 2*k**2 + 0*k + 0*k**4. Give a(3).
-7
Let x(c) = -9*c - 221. Suppose 2*q = 2*r - 36, -4*q + 5*q - 2*r = -11. Give x(q).
4
Let n(s) = s**3 + 0*s**2 + 26025 - 2*s**2 - 25991 - 24*s - 7*s**2. Give n(11).
12
Let n be -3 + 19 + 5 + -15. Let a(h) = 2*h**3 - 10*h**2 - 13*h - 4. Calculate a(n).
-10
Let c(p) = -13*p**2 - 2*p**3 + 47233*p - 36 - 47238*p - 40. Calculate c(-7).
8
Suppose 0 = 4*f + 5*s + 210, 0*s - 244 = 5*f - 3*s. Let u = 52 + f. Let h(m) = m**3 - 4*m**2 + 1. Determine h(u).
-7
Let a(k) be the first derivative of 9*k**4/4 + k**3/3 + k**2/2 + k + 1. Suppose 0 = 50*c - 36*c - 462. Suppose c*u - 40*u = 7. Determine a(u).
-8
Suppose 0 = 2*o + 6, f + 5*o + 31 = -f. Let z(y) be the first derivative of y**4/4 + 3*y**3 + 4*y**2 + 7*y + 12354. Calculate z(f).
7
Let v(o) = -o**2 - 3*o - 4. Let n(m) = 3*m**2 + 9*m + 11. Let q be -2*(-35)/14*(-16)/10. Let d(a) = q*v(a) - 3*n(a). What is d(-3)?
-1
Let i(h) = -h**3 + 48*h + 7. Suppose 82*x + 57*x = -199*x + 2366. Calculate i(x).
0
Let b(u) = -u**3 + 8*u**2 + 8*u + 11. Let r be b(9). Let c(k) = 16*k - 2*k**3 - 34*k + 17*k - r + k**3 + 1. Determine c(-2).
9
Let d(o) be the second derivative of o**4/12 + 5*o**3/6 + 2*o**2 + 2863*o. Determine d(-8).
28
Let m(d) = 3990*d + 323. Let a(p) = 74*p + 6. Let k(o) = 323*a(o) - 6*m(o). Give k(1).
-38
Let t(o) = o + 9 + o**2 - o + 4*o + o. Suppose 0 = 4*s - 10*s + 312. Let n = 46 - s. What is t(n)?
15
Suppose 10*w + 31 = -5*w + 136. Let z(p) = -p**3 + 5*p**2 + 13*p + 2. What is z(w)?
-5
Let q(m) = -m - 5. Let n be (-36)/3*4/6. Let h be q(n). Let j(c) = 3*c**2 - 2*c**2 + 2*c + 3 - h*c - 2. Calculate j(1).
1
Let d(i) be the second derivative of -i**5/60 - i**4/24 + 7*i**3/6 - 56*i**2 - 78*i - 2. Let j(n) be the first derivative of d(n). What is j(-5)?
-13
Let j(f) = f**2 - 7*f - 8. Let l be -2 + ((-25)/6 - (-20)/120). Let h be ((-64)/20)/(l/15 + 0). Calculate j(h).
0
Let g be 5/(-25) + (-1)/((-15)/(-6867)). Let a = -457 - g. Let p(f) = 8*f**3 - f**2. Calculate p(a).
7
Let l(y) be the first derivative of -y**3/3 - 9*y**2/2 - 2*y + 6. Let h(g) = -4*g - 12. Let i be h(9). Let x = i + 41. Determine l(x).
12
Let v(a) = -a**3 - 14*a**2 + 17*a - 4. Let c be -12*(3/2 + ((-29)/4 - -7)). Give v(c).
-34
Let h(m) = 11*m + 247. Let t be h(-22). Suppose -2*g = -14*g - t*g. Let v(u) = -u**2 + 23. Give v(g).
23
Let o(t) be the first derivative of 13*t**4/4 + t**2/2 + 420. Let u be (-2 + 0)*(-2 - (-3)/2). Calculate o(u).
14
Suppose g - 4 = k, -k = -g + 4*k + 12. Suppose -m + g*j + j + 11 = 0, 5*m + 4*j = -2. Let p(x) = 4*x**2 + 2*x. Give p(m).
20
Suppose 3*v - v = 4*w + 92, -137 = -2*v - 5*w. Let s(d) = -10 - 7*d**2 - 113*d + d**3 + 57*d + v*d. Determine s(7).
-10
Let y(p) = -p**2 + 5*p + 16. Suppose 2148 = -18*v + 2058. Determine y(v).
-34
Let d(j) = -j**2 + 11*j - 15. Let u be (1 - 3 - 7)*-5 + 0. Suppose -5*h - 3*r + u = -2*h, 0 = -3*r + 15. Give d(h).
-5
Let p(b) = -4428*b**2 + 8 + 4429*b**2 + 37 - b**3 - b. Calculate p(0).
45
Suppose 2*c = 2*b - 66 - 8, -b - 5*c = -13. Suppose 20*o + b = 9*o. Let v(p) = p**2 + 3*p + 3. Determine v(o).
3
Let a(r) = 29*r - 4. Suppose -253*k + 248*k = 5. Determine a(k).
-33
Let f(x) = 2*x**2 - 5*x + 3. Let y(v) = -v - 109. Let c be y(-25). Let m be 312/c - 14/49. Calculate f(m).
55
Let s be 32/(-40)*((-90)/(-48) - 1)*-20. Let j(c) = 6*c - 68. Calculate j(s).
16
Let k(x) = x**3 + 11*x**2 + 10*x + 3. Let q = -448 - -454. Suppose q = n + 4*p, -29 = n + p - 23. Determine k(n).
3
Suppose 2*l = -2*n + 18, 2*n + n = 3*l - 15. Let f(k) = -53*k - 2. What is f(n)?
-108
Let n(g) = -30*g**2 + 3 - 33*g**2 + 69*g**2 - 3. Suppose -1 = -b - 5. Let u be 1*4*b/(-16). What is n(u)?
6
Let x = -41 - -55. Suppose -m - 18 = -g, g - 5*m = -0 + x. Suppose -2 = -7*c + g. Let b(s) = -s**3 + s**2 + 3*s + 4. Determine b(c).
-5
Let f(o) = o**2 - o - 13. Suppose -5 = -5*u, 2*t + 4 = 3*t - 3*u. Let g be (-2)/7 - -2*1/t. Calculate f(g).
-13
Let l(p) be the second derivative of 25*p**3/6 - 84*p**2 + 2*p - 627. Determine l(7).
7
Let k be 4/(-8) + 142/(-16) + (-297)/(-792). Let u(q) = q**2 + 10*q + 3. Determine u(k).
-6
Let i(h) = -3*h - 49. Let z be i(-20). Let y(w) be the second derivative of w**5/20 - w**4 + 13*w**3/6 + 2*w**2 + 295*w. Determine y(z).
26
Let c(v) = -v - 8. Suppose -5*x = -25, -80 = -q - 3*q - 4*x. Suppose 3*k - 2*h + 0*h = 13, 0 = -k - 2*h + q. Give c(k).
-15
Let c(o) = -3*o**2 - 23*o + 4. Let l = -8844 - -8836. Give c(l).
-4
Suppose 2*a + 288 = 7*a - 4*m, 3*m = 3*a - 174. Let h = a + -54. Let j(n) = -8*n**h + n**3 - n - 2*n**2 - 25*n**3 + 9*n**2. Give j(-1).
24
Let h(n) = -n**3 + 12*